{"id":34,"date":"2017-07-25T22:23:16","date_gmt":"2017-07-25T20:23:16","guid":{"rendered":"http:\/\/crfvp.net\/?page_id=34"},"modified":"2024-11-25T22:56:59","modified_gmt":"2024-11-25T21:56:59","slug":"organigramme","status":"publish","type":"page","link":"https:\/\/crfvp.net\/index.php\/organigramme\/","title":{"rendered":"Organigramme (\u00e9lu pour 4 ans, suite \u00e0 AG du 24\/11\/2024)"},"content":{"rendered":"\n<table id=\"tablepress-2\" class=\"tablepress tablepress-id-2\">\n<thead>\n<tr class=\"row-1 odd\">\n\t<th class=\"column-1\">Nom<\/th><th class=\"column-2\">Fonction<\/th><th class=\"column-3\">Club<\/th><th class=\"column-4\">T\u00e9l\u00e9phone<\/th><th class=\"column-5\">Email<\/th>\n<\/tr>\n<\/thead>\n<tbody class=\"row-hover\">\n<tr class=\"row-2 even\">\n\t<td class=\"column-1\">Marc Boura<\/td><td class=\"column-2\">Pr\u00e9sident<\/td><td class=\"column-3\">Vice-Pr\u00e9sident de Ch\u00e9rence<br \/>\n<\/td><td class=\"column-4\">06 08 70 69 79<\/td><td class=\"column-5\">marc.boura@sfr.fr<\/td>\n<\/tr>\n<tr class=\"row-3 odd\">\n\t<td class=\"column-1\">Axel Berton <\/td><td class=\"column-2\">Vice-Pr\u00e9sident<\/td><td class=\"column-3\">Membre de Beynes <\/td><td class=\"column-4\">06 79 95 60 26 <\/td><td class=\"column-5\">axel.berton@orange.fr<\/td>\n<\/tr>\n<tr class=\"row-4 even\">\n\t<td class=\"column-1\">Michel Dietlin <\/td><td class=\"column-2\">Secr\u00e9taire G\u00e9n\u00e9ral<\/td><td class=\"column-3\">Membre de Ch\u00e9rence <\/td><td class=\"column-4\">06 22 12 14 18<\/td><td class=\"column-5\">michel.dietlin@gmail.com<\/td>\n<\/tr>\n<tr class=\"row-5 odd\">\n\t<td class=\"column-1\">Alain Dallot<\/td><td class=\"column-2\">Tr\u00e9sorier<\/td><td class=\"column-3\">Membre de Coulommiers<\/td><td class=\"column-4\">06 80 50 13 68<\/td><td class=\"column-5\">alain.dallot@orange.fr<\/td>\n<\/tr>\n<tr class=\"row-6 even\">\n\t<td class=\"column-1\"><\/td><td class=\"column-2\"><\/td><td class=\"column-3\"><\/td><td class=\"column-4\"><\/td><td class=\"column-5\"><\/td>\n<\/tr>\n<tr class=\"row-7 odd\">\n\t<td class=\"column-1\"><\/td><td class=\"column-2\"><\/td><td class=\"column-3\"><\/td><td class=\"column-4\"><\/td><td class=\"column-5\"><\/td>\n<\/tr>\n<tr class=\"row-8 even\">\n\t<td class=\"column-1\"><\/td><td class=\"column-2\"><\/td><td class=\"column-3\"><\/td><td class=\"column-4\"><\/td><td class=\"column-5\"><\/td>\n<\/tr>\n<tr class=\"row-9 odd\">\n\t<td class=\"column-1\"><\/td><td class=\"column-2\"><\/td><td class=\"column-3\"><\/td><td class=\"column-4\"><\/td><td class=\"column-5\"><\/td>\n<\/tr>\n<tr class=\"row-10 even\">\n\t<td class=\"column-1\"><\/td><td class=\"column-2\"><\/td><td class=\"column-3\"><\/td><td class=\"column-4\"><\/td><td class=\"column-5\"><\/td>\n<\/tr>\n<tr class=\"row-11 odd\">\n\t<td class=\"column-1\"><\/td><td class=\"column-2\"><\/td><td class=\"column-3\"><\/td><td class=\"column-4\"><\/td><td class=\"column-5\"><\/td>\n<\/tr>\n<tr class=\"row-12 even\">\n\t<td class=\"column-1\"><\/td><td class=\"column-2\"><\/td><td class=\"column-3\"><\/td><td class=\"column-4\"><\/td><td class=\"column-5\"><\/td>\n<\/tr>\n<\/tbody>\n<\/table>\n<!-- #tablepress-2 from cache -->\n","protected":false},"excerpt":{"rendered":"","protected":false},"author":1,"featured_media":0,"parent":0,"menu_order":0,"comment_status":"closed","ping_status":"closed","template":"","meta":{"footnotes":""},"class_list":["post-34","page","type-page","status-publish","hentry"],"_links":{"self":[{"href":"https:\/\/crfvp.net\/index.php\/wp-json\/wp\/v2\/pages\/34","targetHints":{"allow":["GET"]}}],"collection":[{"href":"https:\/\/crfvp.net\/index.php\/wp-json\/wp\/v2\/pages"}],"about":[{"href":"https:\/\/crfvp.net\/index.php\/wp-json\/wp\/v2\/types\/page"}],"author":[{"embeddable":true,"href":"https:\/\/crfvp.net\/index.php\/wp-json\/wp\/v2\/users\/1"}],"replies":[{"embeddable":true,"href":"https:\/\/crfvp.net\/index.php\/wp-json\/wp\/v2\/comments?post=34"}],"version-history":[{"count":8,"href":"https:\/\/crfvp.net\/index.php\/wp-json\/wp\/v2\/pages\/34\/revisions"}],"predecessor-version":[{"id":395,"href":"https:\/\/crfvp.net\/index.php\/wp-json\/wp\/v2\/pages\/34\/revisions\/395"}],"wp:attachment":[{"href":"https:\/\/crfvp.net\/index.php\/wp-json\/wp\/v2\/media?parent=34"}],"curies":[{"name":"wp","href":"https:\/\/api.w.org\/{rel}","templated":true}]}}